
-1
Suppose -5 = -3*m + 2*m. Let n(s) = -9*s + 34 - 19 - 22 + 8*s. What is n(m)?
-12
Let b be (-66)/(-24) + 3/12. Suppose b*d = -5*z - 31, -4*d - z + 2*z - 26 = 0. Let u(f) = -f - 4. Calculate u(d).
3
Suppose -14*o - 849 + 933 = 0. Suppose -3*y + 5*y = 6. Let p(k) = -k**2 - k**2 - 5 + k + 5*k**2 - k**3 + y*k**2. What is p(o)?
1
Let j(m) = -m**2 + 8*m + 12*m - 35*m - 17. Determine j(-13).
9
Let q(y) = -y + 1. Let m(t) = t. Let c(n) = -n + 9. Let p be c(10). Let l(z) = p*m(z) + 4*q(z). Suppose 0*v = 2*v, 0 = 4*i - 4*v - 12. What is l(i)?
-11
Let z(w) = 5*w**3 + 26*w**2 - 39*w - 31. Let n(v) = -v**3 - 5*v**2 + 7*v + 6. Let m(k) = -11*n(k) - 2*z(k). Determine m(-3).
-7
Let q(x) be the second derivative of -x**5/20 - x**4/12 - 5*x**2/2 + x. Suppose 38*b - 2*b = 13*b. Give q(b).
-5
Let s(j) = -4*j - 4. Let r be (-2)/(-6) - 0 - 1772/(-12). Let b be r/52 + (-4)/(-26). Give s(b).
-16
Suppose r + 35 = 6*r. Let v = r - 8. Let u(c) = -4*c - c - c**2 + 3*c + 0*c. Determine u(v).
1
Let x(d) be the second derivative of -6*d + 1/20*d**5 + 1/3*d**4 - 5/6*d**3 - d**2 + 0. Determine x(-4).
18
Let m(d) = -d**2 + 2. Let z(p) = 1. Let k(w) = -m(w) + z(w). Let c(o) = -o**2 - 3*o + 2. Let g(y) = -c(y) + k(y). What is g(-3)?
6
Let w(s) be the second derivative of 1/20*s**5 + 0 + 11*s - 4*s**2 - s**3 + 5/12*s**4. What is w(-6)?
-8
Let w(g) = g**3 + 8*g**2 + 5*g + 1. Let m = 51 - 58. Calculate w(m).
15
Suppose -3*n + 4*c + 156 = 0, -3*c + c - 102 = -2*n. Suppose 15*o = -57 - n. Let m(d) = d**2 + 6*d - 7. Determine m(o).
0
Let c = 159 + -156. Let f(y) = -y + 3. Calculate f(c).
0
Let j(w) = -w**3 + 8*w**2 + 9*w. Let g = 22 + -13. Let x be j(g). Suppose x = -21*n + 24*n - 9. Let z(p) = p**3 - 2*p**2 - 2*p + 3. Calculate z(n).
6
Let n = 81 + -76. Suppose 2*z = n*z - 3. Let c(q) = -7*q**3 + 8*q**2 - 9*q - 13. Let f(m) = 2*m**3 - 2*m**2 + 2*m + 3. Let d(a) = 2*c(a) + 9*f(a). Give d(z).
3
Let x(h) = 57*h + 33*h - 87*h + 1. Suppose 0*g + 4 = -2*g. Give x(g).
-5
Suppose -12*c = -c + 286. Let x be c/6 - (-7 - 115/(-15)). Let m(r) = -r**2 + 2 - 5 - 6*r + 4. What is m(x)?
6
Let b(u) be the second derivative of -u**5/20 + 7*u**4/12 + 3*u**2/2 - u. Let g(t) = 12*t - 5. Let s be g(1). Determine b(s).
3
Let c = 9/25 - -157/50. Let o(a) be the second derivative of -1/12*a**4 + 0 - a + c*a**2 - 2/3*a**3. Determine o(-6).
-5
Let n(k) = -2*k**3 - 2*k**2 + k + 1. Let u(o) = -o**3 - 8*o**2 + 5*o + 3. Let m(h) = -4*n(h) + u(h). What is m(1)?
7
Let y = -1165 - -2333/2. Let x(n) be the second derivative of 0 - 9*n + 1/3*n**3 - 1/12*n**4 + y*n**2 + 1/20*n**5. Determine x(-2).
-13
Let a(w) = 3*w**2 + 9*w + 2. Let p(n) = -4*n**2 - 10*n - 3. Let l(d) = -5*a(d) - 4*p(d). Let c be (-1)/(0 - 2/8). Let f be (c/14)/(3/42). Determine l(f).
-2
Let d(r) = -8*r + 5. Let i(t) = 17*t - 12. Let q(c) = 13*d(c) + 6*i(c). Determine q(-6).
5
Let o(z) = 2*z - 4. Suppose -143*q = -148*q. Give o(q).
-4
Let f be ((-9)/(-1 - -10))/((-1)/3). Let r(s) = -s**2 + 5*s - 2. Determine r(f).
4
Suppose 0 = -2*t - 5*t + 63. Let b(v) = -v**2 + 10*v - 7. What is b(t)?
2
Let i(r) = 2*r + 1. Let d(z) = 20*z**3 - 2*z**2 - 10*z - 5. Let k(m) = d(m) + 4*i(m). Determine k(-1).
-21
Let i(l) be the third derivative of l**4/24 + 5*l**3/6 + 232*l**2. Calculate i(-10).
-5
Let s(r) = r**3 + 7*r**2 + 12*r + 34. Let t(g) = g**3 + 3*g**2 - 8*g + 4. Let i be t(-5). Determine s(i).
-2
Let i(p) be the first derivative of p**6/120 - p**5/60 - p**4/8 - p**3/6 - 12*p**2 - 2*p - 41. Let d(w) be the second derivative of i(w). Give d(3).
8
Let i(w) be the second derivative of 0*w**2 + 16*w + 1/6*w**3 + 0 + 1/6*w**4 - 7/10*w**5. Determine i(-1).
15
Let m(p) be the third derivative of -p**5/60 + 5*p**4/24 + 2*p**3 - p**2. Let i(n) be the first derivative of m(n). Determine i(4).
-3
Let m(g) = g - 2. Suppose 250*r = 251*r + 2. Give m(r).
-4
Let c be -6*(-4)/(-56) - (-90)/(-35). Let o be (3/3)/3*c. Let j(p) = 23*p - 1. Give j(o).
-24
Let t = 7 - 12. Let x(j) = 2*j + 5 + 8*j**2 + j**2 + 0*j - 3*j - 4*j**3. Let p(o) = -3*o**3 + 8*o**2 - 2*o + 5. Let d(y) = t*p(y) + 4*x(y). Determine d(-5).
-10
Let t(j) = 22*j**3 - 3*j**2 - 19*j - 9. Let c(n) = 11*n**3 - 2*n**2 - 11*n - 5. Let u(g) = -5*c(g) + 3*t(g). Calculate u(-1).
-10
Suppose -42*t - 19*t - 366 = 0. Let f(g) = 2*g**2 + 9*g + 4. Determine f(t).
22
Let b(h) be the third derivative of -h**4/4 - h**3/6 + 7*h**2. Suppose -1 = -3*z - d, 4*d - 28 + 7 = 5*z. Calculate b(z).
5
Let o = 270 + -265. Let l(k) be the third derivative of k**5/120 - k**4/2 - k**3/6 + k**2. Let g(a) be the first derivative of l(a). Give g(o).
-7
Let i be (1 - 6)/((-1)/1). Let s(g) be the second derivative of -3*g + 5*g**2 - 7/12*g**4 + 1/6*g**3 + 0 - 1/20*g**i. Determine s(-7).
3
Let r(n) = n - 13. Let u = 10 - 2. Let p = -1 + u. Let x be r(p). Let i(s) = s**3 + 5*s**2 - 7*s - 5. Give i(x).
1
Let x(f) = -6*f**3 - 25*f**2 - 11*f - 30. Let p(n) = -n**3 - 5*n**2 - 2*n - 6. Let t(r) = 11*p(r) - 2*x(r). Suppose 20*u - 168 + 68 = 0. What is t(u)?
-6
Suppose 0 + 8 = 4*t. Suppose -3*u + 11 = t. Let y be (-4)/(-6)*(0 + u). Let c(l) = 2*l**2. What is c(y)?
8
Suppose -f - 2*b - 4 + 3 = 0, 4*f - 3*b - 18 = 0. Let w(o) = -2*o - o**f - 16 + 5 + 5 + 9 + 7*o**2. Give w(7).
-11
Let n(r) = -r**3 - 22*r**2 - 21*r + 3. Let k be (-14 + 11 + -4)/((-1)/(-3)). Give n(k).
3
Let l(i) be the first derivative of -i**4/4 + 5*i**3/3 - i**2/2 + 4*i + 54. Suppose 8 = 2*m - 2. Give l(m).
-1
Let s(l) = 2*l - 1. Let u be s(3). Suppose u*n = 14 + 11. Let a(m) = 5*m**2 + 1 + 4*m**2 - 7*m**2 - m**2 - 5*m. What is a(n)?
1
Let a(l) be the third derivative of -l**6/120 + l**5/12 - l**4/12 + l**3/3 - 6*l**2. Suppose -2*m - t + 7 + 3 = 0, 25 = 5*m - 3*t. Determine a(m).
-8
Let r(w) be the first derivative of -w**4/4 + w**3 + 3*w**2/2 - 4*w - 280. Let k be 2/(1*2/4). Calculate r(k).
-8
Suppose -2*o + 58 = -4*o. Let n = -22 - o. Let b(v) = -v**3 + 7*v**2 - 2*v - 9. Determine b(n).
-23
Let u(t) be the first derivative of t**4/4 + 5*t**3/3 - t**2/2 - 29. Let h = -153 - -148. Calculate u(h).
5
Let o(d) be the third derivative of 0*d - 28*d**2 + 0*d**3 + 0 - 1/12*d**4. Suppose -3*p - 1 = -4*p. Determine o(p).
-2
Let a(m) = -m**3 + 12*m**2 - 10*m - 5. Suppose -25*o - 59 = -30*o - 4*w, -5 = -5*w. Give a(o).
6
Let f(d) = -16*d - 23. Let h(p) = 8*p + 13. Let b(i) = 4*f(i) + 9*h(i). Determine b(-3).
1
Let x be (-208)/5 + (-14)/35. Let i = x - -38. Let h(c) = -c**3 - 4*c**2 + c. Calculate h(i).
-4
Let n(o) = o**2 + 4*o + 7. Suppose -4 = 6*z - 5*z - m, -4*z = 2*m + 22. What is n(z)?
12
Let o(u) = -u - 2. Suppose 3*r - g + 6*g - 27 = 0, -23 = -2*r - 5*g. Suppose -j + 7 = r. Suppose j*k - 4*k - 18 = -5*b, -5*k + 3*b - 2 = 0. Give o(k).
-4
Let y = 1328 - 1332. Let k(n) = -2*n**3 - 9*n**2 - 7*n - 10. What is k(y)?
2
Suppose 0 = -5*g - 2*p - 19, -3*p = 3*g + 5 + 1. Let l(a) be the first derivative of -2*a**2 - 5*a - 14. Calculate l(g).
15
Let y(x) = x**3 - 3*x**2 - 2. Let o = -1187 - -1190. Give y(o).
-2
Let k(l) = l**3 - 6*l**2 + 5*l + 2. Suppose g + 2 = 1. Let s be 7/(21/12) - g. Determine k(s).
2
Let h(w) = 715*w - 357*w - 366*w + w**2 - 5. What is h(8)?
-5
Let v(y) = y**2 + 6*y - 6. Let n = 24 + -36. Let l be (-51)/6 - 6/n. Determine v(l).
10
Let g(k) = 81*k**2 + 5*k + 33. Let v(j) = -97*j**2 - 4*j - 34. Let x(q) = -6*g(q) - 5*v(q). What is x(-8)?
-12
Let s(n) be the third derivative of 11*n**4/24 - 5*n**3/3 - 26*n**2. Calculate s(3).
23
Let p(x) = 6209126 - 4*x**2 - 3*x - 6209126 - x**3. Let z(q) = -q**2 + q. Let c be z(2). What is p(c)?
-2
Let w(g) = -g**2 + 4*g + 6. Let c = -2 + -15. Let o = 34 + c. Let h(j) = j**2 - 16*j - 11. Let x be h(o). What is w(x)?
-6
Let m(j) = 33*j**2 - j + 1. Let l be m(-1). Let f(r) = -3*r**3 - 6*r**2 - l - 5*r + 28 + 0*r**3 + 2*r**3. What is f(-5)?
-7
Let y(r) = -r**2 + 1. Let f(t) = 4*t**2 + t - 2. Let j(a) = f(a) + 3*y(a). Suppose -3*i = -i - 12. Let k be (1/3)/(i/36). Determine j(k).
7
Let g(r) = 15*r**2 - 3. Let a(w) = -5*w**2 + 1. Let b(s) = -8*a(s) - 3*g(s). Suppose 0 = q + 5*u - 19, 6*q + 4*u = 7*q + 17. Calculate b(q).
-4
Let i be (48/(-3))/(-4) + 1. Let q(c) = 6*c - 5 - 5*c + 2. Calculate q(i).
2
Let x(s) be the first derivative of -3*s**2/2 - 6*s + 129. Calculate x(-3).
3
Let o(m) = -3*m. Let t(i) = -6*i - 9. Let z be t(-2). Let c(d) = d**2 - 5*d + 